 47 - 42. Let d be y + (-2 - -7 - -63). Let c = 291 - d. List the prime factors of c.
2, 109
What are the prime factors of 6/(-21) + ((-1)/(-2))/((-175)/(-3474200))?
2, 7, 709
Let r(c) = c**3 + 17*c**2 + 21*c + 18. Let w = 273 + -287. What are the prime factors of r(w)?
2, 3, 13
Let k be ((-12)/6)/((-4)/(-6)). List the prime factors of (133 - -7) + k*(-4)/(-3).
2, 17
Let i(d) = d**3 - 2*d**2 - 6*d + 15. Let n = -37 - -44. Let g be (n/14)/(2/24). List the prime factors of i(g).
3, 41
Let y(c) be the second derivative of 47*c**5/4 + c**4/6 - c**3/2 - 5*c. What are the prime factors of y(1)?
2, 3, 13
Suppose 3*v + 816 = 5*a, -3*a + 240 = -4*v - 243. List the prime factors of a.
3, 5, 11
Let k = 163 + -158. Suppose k*q - 386 = 369. What are the prime factors of q?
151
Let q(r) = 77*r + 6369. What are the prime factors of q(12)?
3, 11, 13, 17
Let u(q) = -4*q**3 + 395*q**2 + 200*q - 140. What are the prime factors of u(99)?
9859
Let o = -58152 - -82962. What are the prime factors of o?
2, 3, 5, 827
Suppose -3*d + 2700 = -3111. Suppose -1164 = -3*z + 3*h, -7*z + 2*z + 4*h = -d. What are the prime factors of z?
5, 7, 11
Suppose -5*n = -5*b - 25, 0*b - 26 = 4*b - 2*n. Let l be ((1 + 1)/b)/(38/(-1672)). Suppose -16*q + l*q + 1245 = 0. List the prime factors of q.
3, 83
Suppose 19*i + 75 - 645 = 0. List the prime factors of ((-14)/i - 56/(-70))*1845.
3, 5, 41
Let m = -221 - -363. Suppose 140*f = m*f - 622. What are the prime factors of f?
311
Suppose v + 1 - 6 = 0. Suppose -22 = -x - 19. Suppose 8*q - x*q - v*k = 630, -2*q - 2*k + 236 = 0. What are the prime factors of q?
2, 61
Let a be (-16)/56 - 1/((-14)/10784). Let n = a - 470. List the prime factors of n.
2, 3, 5
Suppose 0 = -2*r - 0*r - 4, -2*r - 8 = -2*q. Let s(j) = 3*j - 8*j**q - j + 42*j**2 - 3*j. List the prime factors of s(-2).
2, 3, 23
Suppose -4*n - 118 - 103 = 3*v, 0 = -v + 3*n - 78. Let r = v - -64. What are the prime factors of ((-158)/6)/(r/66)?
2, 79
Let m(w) = 5*w**2 + 40*w + 1062. What are the prime factors of m(-43)?
31, 277
Suppose 45*p - 82 = 47*p + x, -p + x = 47. Let y = 392 + p. List the prime factors of y.
349
Suppose -4*h + 890 = -2*m, -3*h = -4*h + 2*m + 215. Suppose v = h - 11. What are the prime factors of v?
2, 107
Let m(v) = -v**3 + 16*v**2 + 2*v - 3. Let j = -53 + 67. List the prime factors of m(j).
3, 139
Suppose -3*j = 7*h - 8*h + 12, 0 = h - j - 12. Let y(u) = u**3 - 13*u**2 + 12*u. Let z be y(h). Suppose z*g + 134 = 2*g. List the prime factors of g.
67
Let f(n) be the second derivative of n**2/2 - 20*n. Let z(o) = -6*o + 10. Let b(s) = -44*f(s) + 2*z(s). What are the prime factors of b(-6)?
2, 3
Let l = 526 - 520. Let h(u) = 7*u**3 - u**2 - 8*u + 15. List the prime factors of h(l).
3, 13, 37
Let u(m) be the second derivative of -m**5/20 + m**4 - 5*m**3/6 + 3*m**2/2 - 3*m + 9. List the prime factors of u(9).
3, 67
Suppose -5*n + 4*y + 63985 = 0, 12797 = -22*n + 23*n + 3*y. What are the prime factors of n?
67, 191
Let z = -64809 + 90960. List the prime factors of z.
3, 23, 379
Let o(a) = 83*a**2 + 84*a - 32. What are the prime factors of o(6)?
2, 5, 173
Let t = -657 + 659. Suppose -4*i + 5326 = t*j - 1764, -3*j - 3 = 0. List the prime factors of i.
3, 197
Suppose 4*y = a + 2*y - 3682, 5*a = -4*y + 18326. What are the prime factors of a?
2, 5, 367
Let r be (7 + 3 - 13) + (-1 - -2110). Let x = -1214 + r. List the prime factors of x.
2, 223
Let q = 3575 + -5319. Let b = q + 2546. What are the prime factors of b?
2, 401
Let h(n) = 4*n**2 + 60*n + 380. What are the prime factors of h(-40)?
2, 3, 5, 73
Suppose -36017 - 17111 = -4*x. What are the prime factors of x?
2, 29, 229
Suppose 0 = -16*o + 150 - 22. Suppose o*x - 2842 = 11566. What are the prime factors of x?
1801
Let y(o) = 5360*o + 5769. What are the prime factors of y(3)?
3, 7283
Suppose -8627364 = -527*o + 400*o. What are the prime factors of o?
2, 3, 17, 37
Let x(w) = -57 - 10*w + 6*w + 63 + 8*w - w**3 + 7*w**2. List the prime factors of x(-6).
2, 3, 5
Suppose -880 = -22*x + 264. List the prime factors of (x - 1)*(16 - 5).
3, 11, 17
Suppose -97*q + 137*q = 445640. List the prime factors of q.
13, 857
Let f(x) = -x + 9. Let m be f(10). Let b(k) = -8*k**2 + 1. Let i be b(m). List the prime factors of (6/i)/((-2)/70).
2, 3, 5
Let c(j) = 1. Let k = 84 + -85. Let n(f) = 10*f**3 + 2*f + 5. Let q(m) = k*n(m) + 4*c(m). List the prime factors of q(-1).
11
Let d be -3*3*(-8)/18. Suppose 2*x - 118 = d*h, -3*x + 236 = x - 4*h. What are the prime factors of x?
59
Let i(f) = f**2 + 14*f - 73. Let l be (43 + 2)*26/(-39). List the prime factors of i(l).
11, 37
Let j(l) = 345*l + 182. What are the prime factors of j(1)?
17, 31
Let i = 447 - 447. Let b(t) = t**3 - 2*t**2 + t + 755. List the prime factors of b(i).
5, 151
Suppose -51*c + 609874 + 871732 = 391022. What are the prime factors of c?
2, 3, 11
Let y be -7*((-816)/14)/4. Let r = 101 - y. Let x(b) = 104*b**2 - b - 3. List the prime factors of x(r).
2, 3, 17
Let a(v) be the second derivative of -163*v**5/10 + v**4/3 + v**3/6 - 2*v**2 + 177*v. List the prime factors of a(-1).
5, 13
What are the prime factors of -159*(708/(-9) - 13)?
5, 11, 53
Suppose -3*u + 5*i = -12, u + 4*i - 4 = 5*i. Suppose -7*m = -u*m - 9. Suppose 605 - 179 = m*g. What are the prime factors of g?
2, 71
Suppose 16*j - 7*j + 1782 = 0. Let i = 728 + j. List the prime factors of i.
2, 5, 53
List the prime factors of ((-44)/(-572))/(4/2200796).
42323
Let c = 426 + 72. Suppose -q - q - 3*y + 247 = 0, 2*y = -4*q + c. List the prime factors of q.
5
Let x = -223 - -225. Suppose 0 = 2*l - x*d - 934, -2323 = 6*l - 11*l + 2*d. What are the prime factors of l?
463
Let g = 128 + -120. What are the prime factors of 471/(-9)*18*(-4)/g?
3, 157
Suppose 5*r - 11885 = 5*g, 4*r - 9528 = -3*g + 2*g. Suppose 7*q - 846 = r. List the prime factors of q.
461
Let x(a) = -13*a**2 - 4*a**2 - 14 - 27*a + a**3 - 28. List the prime factors of x(20).
2, 3, 103
Let h be 602/56 - (-3)/(-4). Suppose 0 = p - 4*d + 18, -5*p + 30 = -h*p + 5*d. What are the prime factors of 2 + 52 + (p - -2)?
2, 3
Let v be 70/10 + -5 + 2. Suppose 4*d = 5*w + 108, -v*d + 3*w + 34 = -3*d. What are the prime factors of (55/d)/(2/236)?
5, 59
Let s(f) = 7*f - 172. Let k be s(25). Suppose 1678 = k*n - 1310. List the prime factors of n.
2, 3, 83
Suppose 256*c = o + 258*c - 60091, -2*o + 4*c = -120150. List the prime factors of o.
60083
Suppose 5*m + 3*v - 39792 = 0, 9*m + 2*v = 7*m + 15912. What are the prime factors of m?
2, 3, 1327
Suppose -x + 6 = 3. Suppose x*j = -4*h + 2, 5*h = -4*j + 8*h + 11. Suppose -5*s + i + 372 + 325 = 0, 5*s - 694 = j*i. List the prime factors of s.
2, 5, 7
Let p = -2071 - -2079. Suppose -2*x = -3*x. List the prime factors of 68 + p + x + 3.
79
Let u = 45032 + -30704. List the prime factors of u.
2, 3, 199
Let j(v) = -v**3 - 12*v**2 + 12*v - 7. Let s be j(-13). Suppose 3*b = -5*i + 82, -20 = -s*b + b. Suppose i*x + 333 = 17*x. What are the prime factors of x?
3, 37
What are the prime factors of ((-873096)/(-105) + 5)*5*1?
3, 7, 283
Suppose -7*j + 14 = -0*j. Suppose 2*k + 6 = -4*x, 0 = -5*k - j*x - 13 + 38. Suppose -217 = -k*t + 224. What are the prime factors of t?
3, 7
Let g = -48255 + 83089. What are the prime factors of g?
2, 17417
Suppose -32*d = -147 - 333. List the prime factors of ((-40)/d)/(8/(-156)).
2, 13
Let x be 3/(-6)*(2 + -12). Let l be 9/3*x/15. List the prime factors of 2/(3/l + -2).
2
Let l(f) = f**2 + f. Let g(q) = -6*q**2 - 21*q - 3. Let a(y) = g(y) + 5*l(y). Suppose -13*m + 10*m - 33 = 0. What are the prime factors of a(m)?
2, 13
List the prime factors of 275/77 + 6/(-2) + 131186/14.
9371
Let p be 1/((-4)/16*-2). Suppose -3*d + p = -2*d. Suppose 85 = w + d*w - 5*n, -4*w + 3*n + 106 = 0. List the prime factors of w.
5
Let n(j) = -j**3 + 8*j**2 + 9*j - 5. Let t be n(9). Let u(m) = 4*m - 7. Let i be u(t). List the prime factors of (-4 + i/(-2))*2.
19
Let d be (5/(-15))/((-2)/(-12))*-6. What are the prime factors of (16/d)/(-4) - (-157)/3?
2, 13
What are the prime factors of 46934 + (-3 + 1)*-2?
2, 3, 7823
Suppose -x + 5*t + 5538 = -8236, -x + 13726 = 3*t. What are the prime factors of x?
2, 859
Let v(b) = 3*b**2 + 4*b - 19. Suppose -3*x - 6 = 0, 5*l = 2*x + 3*x + 25. Suppose l*c - 7 - 2 = 0. List the prime factors of v